9*t + 10. Give n(-29).
10
Let f(t) = t**3 + 24*t**2 - 2*t - 42. What is f(-24)?
6
Let l(d) = -6*d - 39. Determine l(-7).
3
Let h(w) = 13*w - 151. What is h(11)?
-8
Let t(p) = 2*p**2 - 3*p - 8. Calculate t(4).
12
Let g(i) = 3*i**2 - 3*i + 4. Determine g(2).
10
Let j(h) = h**3 + 32*h**2 - 3*h - 2. Calculate j(-32).
94
Let p(y) = 4*y**3 - 8*y**2 + 5*y - 9. What is p(2)?
1
Let x(r) = -r**2 + 38*r - 34. What is x(37)?
3
Let j(h) = h**3 - 2*h**2 - 9*h - 7. Give j(4).
-11
Let n(o) = -o**3 - 3*o**2 - 3*o - 2. Calculate n(-2).
0
Let t(p) = -p - 6. Determine t(-9).
3
Let x(b) = -b**2 + 11*b - 10. Give x(8).
14
Let w(n) = -n**2 - 14*n - 29. Give w(-5).
16
Let w(m) = -m**2 - 2*m - 1. What is w(-2)?
-1
Let i(m) = -2*m**3 + 3*m**2 + 1. Determine i(2).
-3
Let j(n) = n - 2. Calculate j(-2).
-4
Let q(p) = -12*p + 23. Give q(-5).
83
Let g(k) = k**3 + 10*k**2 - 11*k - 8. What is g(-11)?
-8
Let d(f) = f**3 - 3*f**2 + 4*f + 1. Calculate d(5).
71
Let z(w) = 2*w**2 + 8*w - 13. Give z(-6).
11
Let w(j) = 3*j - 30. Give w(15).
15
Let o(q) = -3*q**2 - 11*q - 8. Give o(-6).
-50
Let u(t) = -t + 20. Determine u(-12).
32
Let o(a) = a**2 + 10*a - 3. What is o(-9)?
-12
Let l(p) = p**3 + 2*p**2 + p + 1. Calculate l(-2).
-1
Let p(l) = -2*l - 22. Calculate p(-13).
4
Let r(l) = -7*l - 22. Determine r(-4).
6
Let o(z) = z**2 + 10*z - 8. What is o(-11)?
3
Let m(v) = v + 7. Determine m(8).
15
Let a(p) = p**2 - 10*p - 9. Give a(10).
-9
Let o(d) = d**2 - 9*d + 14. Determine o(4).
-6
Let h(s) = s**2 - 12*s - 39. Give h(15).
6
Let q(g) = -g**3 - 12*g**2 - 16*g - 24. Determine q(-11).
31
Let b(d) = -d**2 + 39*d + 170. Give b(-4).
-2
Let i(x) = -4*x + 19. What is i(4)?
3
Let t(j) = 14*j + 40. What is t(-8)?
-72
Let s(u) = u**3 + 8*u**2 + 14*u. Give s(-3).
3
Let j(o) = o**2 + 29*o - 123. Calculate j(-35).
87
Let k(y) = -y**3 - 10*y**2 + 11*y + 3. Give k(-11).
3
Let c(x) = 5*x + 13. Calculate c(-6).
-17
Let a(j) = j**3 - j**2 + 5. What is a(0)?
5
Let o(p) = -p**2 + 7*p - 10. Determine o(7).
-10
Let l(y) = -y**3 - 43*y**2 + 47*y + 109. Calculate l(-44).
-23
Let a(w) = -4*w + 68. Give a(14).
12
Let u(a) = -a**3 - 13*a**2 - 42*a - 8. Determine u(-7).
-8
Let k(m) = -5*m**2 - 119*m + 35. Determine k(-24).
11
Let w(h) = -h - 4. What is w(-4)?
0
Let f(r) = -r**2 - 3*r - 8. Determine f(6).
-62
Let b(x) = x**3 - 9*x**2 - 8*x - 13. Calculate b(10).
7
Let c(h) = h**3 - 7*h**2 - h + 24. Calculate c(7).
17
Let d(t) = -23*t - 22. Give d(-1).
1
Let a(x) = -x**2 - 6*x. Calculate a(-5).
5
Let q(f) = f**2 + 13*f + 10. What is q(-10)?
-20
Let r(y) = y**3 + 1. What is r(1)?
2
Let j(g) = -g**3 + 7*g**2 - 5*g. Calculate j(6).
6
Let j(s) = s + 51. Calculate j(21).
72
Let i(n) = -6*n**3 - n**2 + 1. What is i(-1)?
6
Let h(q) = -q**3 - 4*q**2 + 8*q. What is h(-6)?
24
Let y(f) = f + 13. Calculate y(15).
28
Let g(p) = 3*p + 54. Give g(-20).
-6
Let a(j) = j**3 + 6*j**2 - 18*j + 18. Calculate a(-9).
-63
Let f(m) = -6*m + 188. Give f(34).
-16
Let c(v) = -5*v + 5. Calculate c(7).
-30
Let r(i) = 3*i - 159. Calculate r(51).
-6
Let k(f) = 3*f**3 + 13*f**2 + 3*f - 15. Determine k(-4).
-11
Let i(y) = -2*y**2 - 29*y - 104. Give i(-6).
-2
Let b(v) = -11*v + 95. Give b(9).
-4
Let z(f) = -f**3 - 11*f**2 - 12*f + 4. Give z(-9).
-50
Let n(m) = 2*m - 36. Calculate n(19).
2
Let g(z) = 3*z - 37. Determine g(12).
-1
Let f(a) = -3*a**2 - 54*a + 4. What is f(-18)?
4
Let x(l) = -15*l - 146. Give x(-10).
4
Let z(p) = p**3 + 9*p**2 + p - 3. What is z(-9)?
-12
Let g(w) = 3*w - 16. Determine g(9).
11
Let t(n) = -n**2 - 6*n - 8. Calculate t(-6).
-8
Let m(j) = -19*j + 61. Give m(3).
4
Let c(z) = z**3 + 8*z**2 - 11*z - 28. Calculate c(-9).
-10
Let r(k) = 2*k**2 + 18*k + 42. What is r(-10)?
62
Let v(c) = -c**3 + 22*c**2 - 20*c - 20. What is v(21)?
1
Let c(y) = -4*y - 19. What is c(-3)?
-7
Let g(y) = -4*y**2 - 10*y - 1. Give g(-4).
-25
Let q(j) = j**2 - 14*j - 33. Determine q(17).
18
Let v(k) = k**3 + 6*k**2 + 7*k + 13. What is v(-5)?
3
Let v(m) = -m**3 - 5*m**2 - 3*m - 13. Give v(-5).
2
Let p(x) = -2*x + 9. Determine p(6).
-3
Let j(b) = b - 8. Give j(-2).
-10
Let q(b) = -14*b + 9. Determine q(1).
-5
Let u(f) = f**3 + 23*f**2 + 14*f - 24. Determine u(-22).
152
Let l(k) = -k**2 + 3*k + 25. What is l(8)?
-15
Let y(p) = -p**3 + 27*p**2 - 3. What is y(27)?
-3
Let t(g) = -g**3 - 11*g**2 + 19*g + 210. Determine t(-11).
1
Let n(h) = h**2 - 6*h - 7. Give n(0).
-7
Let m(f) = 3*f**2 + 21*f + 9. Determine m(-6).
-9
Let p(t) = -2*t**3 + 3*t**2 + 3*t - 9. Calculate p(2).
-7
Let g(p) = p - 3. Calculate g(-8).
-11
Let j(l) = 6*l**3 + l**2 - 4*l + 3. What is j(1)?
6
Let a(z) = 13*z + 329. Give a(-25).
4
Let z(g) = -g**2 + 13*g. Determine z(13).
0
Let p(l) = -l**2 + 6*l + 5. Give p(7).
-2
Let f(k) = -k**3 - 10*k**2 + k + 4. Give f(-10).
-6
Let x(v) = 3*v + 16. What is x(-7)?
-5
Let g(s) = -3*s - 52. What is g(-18)?
2
Let o(c) = -c**3 + 2*c**2 - 4*c + 4. Calculate o(3).
-17
Let o(j) = 4*j - 3. What is o(3)?
9
Let m(f) = f**3 - 5*f**2 - 5*f - 7. What is m(5)?
-32
Let o(j) = -j**3 + 6*j**2 - 6*j + 11. Determine o(5).
6
Let t(p) = 2*p**3 + 13*p**2 - 9*p - 13. Calculate t(-7).
1
Let k(m) = -m**3 + 11*m**2 + 10*m + 6. Calculate k(12).
-18
Let f(n) = -2*n - 24. Give f(6).
-36
Let b(o) = -4*o - 50. Give b(-16).
14
Let r(g) = 12*g + 7. Give r(-6).
-65
Let d(z) = 3*z - 15. Determine d(3).
-6
Let z(v) = 6*v**2 + 6*v. What is z(-4)?
72
Let l(f) = 2*f**3 - 22*f**2 + 3*f - 28. What is l(11)?
5
Let p(g) = -g - 35. Give p(-28).
-7
Let p(v) = -9*v + 10. Give p(0).
10
Let l(b) = 8*b**2 + 4*b + 10. Determine l(-2).
34
Let p(x) = -7*x + 114. What is p(17)?
-5
Let l(u) = -u**2 + 10*u - 13. Give l(9).
-4
Let z(f) = 23*f + 43. Determine z(-5).
-72
Let d(t) = -2*t**3 + t**2 + 6*t - 4. What is d(2)?
-4
Let g(i) = 2*i - 8. What is g(6)?
4
Let v(y) = 4*y + 16. Give v(-3).
4
Let f(k) = k**3 + k**2 + k + 2. What is f(-2)?
-4
Let u(o) = o**2 - 6*o - 2. Determine u(5).
-7
Let z(d) = -d**2 - d + 8. Calculate z(-7).
-34
Let d(l) = -l**3 - 6*l**2 + 9*l - 7. Determine d(-8).
49
Let f(w) = w + 22. Calculate f(-16).
6
Let u(b) = b**2 + 22*b - 5. Give u(-19).
-62
Let v(s) = 2*s**3 - 23*s**2 - 13*s + 16. What is v(12)?
4
Let k(i) = 5*i**2 + 22*i + 22. Give k(-6).
70
Let j(x) = 2*x - 12. What is j(0)?
-12
Let y(h) = -h**3 - 10*h**2 - 15*h + 6. Determine y(-8).
-2
Let j(s) = 36*s - 161. Calculate j(5).
19
Let n(k) = 20*k - 98. Calculate n(9).
82
Let u(v) = -v**2 + 4*v. Give u(4).
0
Let z(d) = -6*d. Give z(-1).
6
Let v(s) = -s**2 + 10*s - 19. Determine v(3).
2
Let n(x) = -3*x + 8. Calculate n(0).
8
Let n(l) = 8*l + 9. Calculate n(-2).
-7
Let q(x) = 2*x**2 + 12*x + 2. What is q(-9)?
56
Let v(g) = g**3 - 8*g**2 + g - 9. Calculate v(5).
-79
Let z(u) = u**2 + 18*u + 50. Determine z(-15).
5
Let i(v) = 5*v + 24. Determine i(-5).
-1
Let a(u) = -6*u - 146. Calculate a(0).
-146
Let x(h) = -18*h**2 - 4*h - 1. What is x(-1)?
-15
Let q(l) = l**2 + 11*l + 10. Calculate q(-10).
0
Let x(t) = -t**2 + 7*t - 8. Give x(6).
-2
Let c(t) = 5*t - 38. Calculate c(8).
2
Let i(z) = -17*z + 52. Give i(10).
-118
Let z(o) = -2*o**2 - 33*o + 27. Give z(-17).
10
Let m(x) = 2*x**3 - 25*x**2 - 10*x - 8. Calculate m(13).
31
Let d(v) = 4*v - 94. Give d(20).
-14
Let u(c) = -2*c**2 - 11*c - 41. What is u(-6)?
-47
Let h(a) = 52*a**2 - 3*a - 3. Determine h(-1).
52
Let j(g) = 2*g**3 - 36*g**2 - 37*g - 17. Calculate j(19).
2
Let x(n) = n**3 - 6*n**2 - n + 5. What is x(5)?
-25
Let x(w) = w**3 - w. Determine x(1).
0
Let g(q) = 3*q - 23. Determine g(9).
4
Let x(y) = -y**3 - 2*y**2 + 23*y + 17. Give x(-7).
101
Let f(r) = r**3 - r**2 + r - 2. Give f(2).
4
Let t(y) = -2*y**2 - 16*y - 15. What is t(-7)?
-1
Let y(o) = -o**3 + 7*o**2 - 14*o + 8. What is y(4)?
0
Let x(a) = -a**3 - 6*a**2 - 2*a - 6. Calculate x(-6).
6
Let h(z) = -3*z - 21. Determine h(-6).
-3
Let d(g) = g**2 - g + 2. Calculate d(2).
4
Let u(c) = -6*c - 34. Give u(-7).
8
Let r(d) = d**3 + 5*d**2 - 4*d - 16. What is r(-5)?
4
Let i(c) = -c + 14. What is i(18)?
-4
Let g(m) = m**2 - 20*m - 31. Give g(15).
-106
Let z(q) = q**3 + 6*q**2 + 4*q - 5. Calculate z(-5).
0
Let m(x) = -14*x + 49. What is m(6)?
-35
Let y(b) = -41*b - 2. Determine y(-1).
39
Let u(h) = -h - 19. What is u(-16)?
-3
Let a(u) = 3*u + 17. What is a(-4)?
5
Let u(c) = c**3 - 12*c**2 + 10*c - 1. Give u(11).
-12
Let j(s) = -3*s**